 and 31.
31
Calculate the greatest common divisor of 4716 and 675.
9
What is the greatest common divisor of 740518 and 148?
74
Calculate the highest common factor of 9875572 and 476.
476
What is the highest common factor of 11954 and 1204?
86
Calculate the greatest common factor of 490518 and 4998.
714
Calculate the highest common factor of 357126 and 42.
42
What is the highest common divisor of 1088 and 2?
2
Calculate the highest common divisor of 3056 and 4016.
16
Calculate the greatest common divisor of 65515 and 15.
5
Calculate the highest common factor of 782 and 9078.
34
Calculate the highest common factor of 260965 and 95.
95
What is the greatest common factor of 52877 and 1672?
209
What is the highest common divisor of 9996 and 28560?
1428
What is the greatest common divisor of 7 and 7791?
7
What is the highest common factor of 117572 and 455?
91
Calculate the greatest common factor of 364 and 3458.
182
Calculate the greatest common divisor of 695 and 68249.
139
What is the greatest common factor of 2970 and 340?
10
What is the greatest common factor of 7990 and 2550?
170
What is the greatest common factor of 474 and 27650?
158
What is the highest common divisor of 3773 and 55?
11
What is the highest common factor of 5850 and 5?
5
What is the greatest common divisor of 513786 and 624?
78
Calculate the greatest common divisor of 374 and 4178141.
187
Calculate the greatest common factor of 125477 and 561.
187
What is the highest common factor of 228 and 252738?
114
What is the highest common divisor of 17 and 15511803?
17
What is the highest common divisor of 5145 and 14880?
15
Calculate the highest common divisor of 206395 and 385.
35
What is the highest common divisor of 144 and 34794?
18
What is the highest common factor of 2160 and 250?
10
What is the greatest common divisor of 272238 and 33813?
867
What is the highest common divisor of 31505 and 5?
5
Calculate the highest common factor of 1037 and 55369.
17
Calculate the highest common divisor of 12214 and 5319.
197
Calculate the highest common divisor of 8606445 and 15.
15
Calculate the greatest common factor of 208033 and 263.
263
Calculate the highest common divisor of 3990 and 49590.
570
What is the greatest common factor of 1200 and 1024?
16
What is the greatest common factor of 2525 and 74675?
25
What is the greatest common factor of 1440 and 78240?
480
Calculate the highest common factor of 128 and 2091968.
64
What is the highest common divisor of 34938 and 10999?
647
Calculate the greatest common divisor of 5997 and 3.
3
What is the highest common factor of 17969 and 71281?
119
What is the greatest common divisor of 55 and 114565?
55
What is the greatest common factor of 3496 and 1336?
8
Calculate the highest common factor of 47974 and 3984.
166
Calculate the greatest common factor of 747 and 11454.
249
What is the greatest common factor of 7498 and 2714?
46
Calculate the highest common factor of 14976 and 143.
13
Calculate the greatest common divisor of 72479 and 1573.
121
Calculate the greatest common factor of 779470 and 230.
230
What is the greatest common divisor of 492 and 2299608?
492
What is the highest common divisor of 71 and 80159?
71
What is the highest common factor of 32640 and 360?
120
What is the greatest common factor of 12361 and 188?
47
What is the highest common divisor of 217 and 363661?
31
What is the highest common divisor of 2885 and 40?
5
Calculate the highest common divisor of 26340 and 42.
6
Calculate the greatest common factor of 741 and 2691.
39
Calculate the greatest common divisor of 100 and 24176.
4
What is the greatest common divisor of 6656 and 2808?
104
Calculate the highest common factor of 276069 and 3.
3
Calculate the highest common factor of 895 and 3820.
5
What is the highest common factor of 2513 and 327049?
359
Calculate the highest common factor of 95 and 46873.
19
Calculate the greatest common factor of 21528 and 162.
18
Calculate the highest common factor of 57 and 831.
3
Calculate the greatest common divisor of 1953 and 182466.
279
Calculate the highest common factor of 178 and 84461.
89
Calculate the greatest common factor of 3020 and 1542465.
755
What is the highest common divisor of 964 and 180?
4
Calculate the greatest common divisor of 532 and 78508.
76
Calculate the greatest common factor of 13 and 26.
13
What is the greatest common divisor of 20685 and 245?
35
Calculate the greatest common divisor of 123 and 507375.
123
What is the greatest common factor of 12 and 302056?
4
What is the greatest common factor of 2495 and 18962?
499
Calculate the greatest common divisor of 192 and 93642.
6
Calculate the greatest common divisor of 89397 and 1053.
27
Calculate the greatest common factor of 1103751 and 297.
99
Calculate the highest common divisor of 19986 and 54.
6
Calculate the highest common divisor of 46 and 19340.
2
Calculate the greatest common factor of 137970 and 3465.
315
Calculate the greatest common factor of 1517 and 18409.
41
What is the greatest common factor of 40987 and 1037?
17
What is the highest common factor of 2288349 and 196?
49
Calculate the greatest common factor of 70023 and 153.
51
What is the greatest common divisor of 2278 and 75509?
67
Calculate the greatest common divisor of 2951 and 7709.
13
Calculate the highest common factor of 21472 and 22528.
352
Calculate the highest common factor of 108006 and 141.
141
Calculate the highest common factor of 2946972 and 252.
84
What is the greatest common divisor of 315098 and 426?
142
Calculate the highest common factor of 808 and 5384.
8
What is the highest common factor of 159213 and 438?
219
What is the highest common factor of 40 and 103720?
40
What is the greatest common factor of 62152 and 2312?
136
Calculate the greatest common factor of 66 and 906.
6
Calculate the highest common divisor of 141000 and 640.
40
What is the highest common factor of 8 and 241418?
2
Calculate the highest common factor of 11429 and 198.
11
What is the greatest common factor of 811020 and 42?
42
Calculate the highest common divisor of 32 and 261416.
8
What is the highest common factor of 19313 and 58373?
217
Calculate the highest common divisor of 3960 and 5192.
88
What is the greatest common factor of 318 and 212848?
106
What is the greatest common divisor of 40 and 85970?
10
Calculate the highest common divisor of 1552 and 43262.
194
Calculate the greatest common divisor of 6325 and 44390.
115
What is the highest common factor of 6048 and 281484?
252
Calculate the highest common divisor of 144 and 16928.
16
Calculate the greatest common factor of 11435668 and 1108.
1108
Calculate the greatest common divisor of 1639 and 4023.
149
Calculate the greatest common divisor of 102 and 394077.
51
What is the highest common divisor of 5383937 and 377?
377
Calculate the highest common factor of 837508 and 784.
196
What is the highest common divisor of 5800 and 7400?
200
Calculate the greatest common factor of 1557142 and 1370.
274
What is the greatest common divisor of 15891065 and 155?
155
Calculate the greatest common divisor of 3434337 and 23.
23
Calculate the greatest common divisor of 259548 and 5934.
258
Calculate the highest common factor of 1030 and 587306.
206
Calculate the highest common factor of 12556548 and 9.
9
Calculate the highest common factor of 2627 and 333.
37
What is the greatest common divisor of 102 and 58106?
34
Calculate the greatest common factor of 9108 and 357282.
414
What is the greatest common divisor of 13490 and 5890?
190
What is the greatest common divisor of 15 and 348005?
5
What is the highest common factor of 15 and 144195?
15
Calculate the greatest common divisor of 53 and 347203.
53
Calculate the highest common divisor of 59712 and 64.
64
What is the greatest common divisor of 686 and 35917?
49
Calculate the greatest common factor of 6930 and 19215.
315
What is the greatest common factor of 2737 and 8533?
161
Calculate the highest common divisor of 157920 and 21.
21
What is the greatest common divisor of 1136 and 8240?
16
What is the greatest common divisor of 3631 and 1?
1
What is the greatest common factor of 9 and 8649?
9
What is the highest common factor of 1012 and 3674?
22
Calculate the greatest common factor of 234 and 14859.
117
Calcu